{"id":373,"date":"2018-02-27T17:46:37","date_gmt":"2018-02-27T17:46:37","guid":{"rendered":"https:\/\/www.adlergiersch.com\/es\/?page_id=373"},"modified":"2024-01-12T12:32:08","modified_gmt":"2024-01-12T12:32:08","slug":"aviso-legal-y-aviso-de-copyright","status":"publish","type":"page","link":"https:\/\/www.adlergiersch.com\/es\/aviso-legal-y-aviso-de-copyright\/","title":{"rendered":"Aviso legal y aviso de Copyright"},"content":{"rendered":"\n<div class=\"wp-block-group has-global-padding is-layout-constrained wp-container-core-group-is-layout-5546196d wp-block-group-is-layout-constrained\" style=\"margin-top:var(--wp--preset--spacing--100);margin-bottom:var(--wp--preset--spacing--100)\">\n<h1 class=\"wp-block-heading has-text-align-center\">Aviso legal y aviso de Copyright<\/h1>\n\n\n\n<h2 class=\"wp-block-heading has-heading-3-font-size\">Descargo de responsabilidad<\/h2>\n\n\n\n<p>La informaci\u00f3n y los enlaces contenidos en este sitio de web son para prop\u00f3sitos informativos generales. No es asesoramiento legal. Uso de este sitio web no significa que ha contratado a Adler Giersch como su abogado y no crea una relaci\u00f3n de abogado-cliente con nosotros. Si necesita consultar con un abogado, por favor cont\u00e1ctenos para programar una cita.<\/p>\n\n\n\n<p>Adler Giersch se compromete a respetar su derecho a la privacidad y lo proteger\u00e1 cuando visite nuestro sitio web. No divulgaremos, venderemos ni compartiremos su informaci\u00f3n con ninguna persona externa, empresa o entidad gubernamental.&nbsp; Transmisi\u00f3n de informaci\u00f3n a Adler Giersch a trav\u00e9s de este sitio de web es confidencial. Transferencia de cualquier informaci\u00f3n a trav\u00e9s de este sitio de web no crea una relaci\u00f3n de abogado-cliente con nosotros y no pretende hacerlo.<\/p>\n\n\n\n<p>Los usuarios de este sitio de web no deben tomar acciones o confiar en la informaci\u00f3n contenida en este sitio de web sin buscar asesor\u00eda legal independiente y asesoramiento para sus necesidades y problemas espec\u00edficos.<\/p>\n\n\n\n<p>Enlaces a otros sitios facilitados en este sitio de web son para informaci\u00f3n general y \u00fanicamente como recurso. Adler Giersch no es responsable por el contenido de sitios de web enlazados. Ni Adler Giersch, ni cualquier otro individuo relacionado, controla o apruebe del contenido del tercero-individuo sitio de web. No pretendemos que enlaces en nuestro sitio web sean referencias.<\/p>\n\n\n\n<h2 class=\"wp-block-heading has-heading-3-font-size\">Aviso de copyright<\/h2>\n\n\n\n<p>Todo texto y gr\u00e1ficos de categor\u00eda copyright, la selecci\u00f3n, arreglo y presentaci\u00f3n de todos los materiales (incluyendo informaci\u00f3n del dominio p\u00fablico) y el dise\u00f1o general de esta p\u00e1gina de web son \u00a9 2017 Adler Giersch PS. Todos los derechos reservados. Se concede permiso para descargar y imprimir material de este sitio de web con el fin de ver, leer y conservar para referencia. Cualquier otra copia, distribuci\u00f3n, retransmisi\u00f3n o modificaci\u00f3n de informaci\u00f3n o materiales en este sitio, ya sea electr\u00f3nicamente o forma de copia dura, est\u00e1 estrictamente prohibido a menos que haya obtenido previa autorizaci\u00f3n escrita de Adler Giersch.<\/p>\n<\/div>\n","protected":false},"excerpt":{"rendered":"<p>Aviso legal y aviso de Copyright Descargo de responsabilidad La informaci\u00f3n y los enlaces contenidos en este sitio de web son para prop\u00f3sitos informativos generales. No es asesoramiento legal. Uso de este sitio web no significa que ha contratado a Adler Giersch como su abogado y no crea una relaci\u00f3n de abogado-cliente con nosotros. Si [&hellip;]<\/p>\n","protected":false},"author":1,"featured_media":5287,"parent":0,"menu_order":0,"comment_status":"closed","ping_status":"closed","template":"","meta":{"_acf_changed":false,"inline_featured_image":false,"footnotes":""},"class_list":["post-373","page","type-page","status-publish","has-post-thumbnail","hentry"],"acf":[],"_links":{"self":[{"href":"https:\/\/www.adlergiersch.com\/es\/wp-json\/wp\/v2\/pages\/373","targetHints":{"allow":["GET"]}}],"collection":[{"href":"https:\/\/www.adlergiersch.com\/es\/wp-json\/wp\/v2\/pages"}],"about":[{"href":"https:\/\/www.adlergiersch.com\/es\/wp-json\/wp\/v2\/types\/page"}],"author":[{"embeddable":true,"href":"https:\/\/www.adlergiersch.com\/es\/wp-json\/wp\/v2\/users\/1"}],"replies":[{"embeddable":true,"href":"https:\/\/www.adlergiersch.com\/es\/wp-json\/wp\/v2\/comments?post=373"}],"version-history":[{"count":0,"href":"https:\/\/www.adlergiersch.com\/es\/wp-json\/wp\/v2\/pages\/373\/revisions"}],"wp:featuredmedia":[{"embeddable":true,"href":"https:\/\/www.adlergiersch.com\/es\/wp-json\/wp\/v2\/media\/5287"}],"wp:attachment":[{"href":"https:\/\/www.adlergiersch.com\/es\/wp-json\/wp\/v2\/media?parent=373"}],"curies":[{"name":"wp","href":"https:\/\/api.w.org\/{rel}","templated":true}]}}

<div class="wp-block-group has-global-padding is-layout-constrained wp-container-core-group-is-layout-5546196d wp-block-group-is-layout-constrained" style="margin-top:var(--wp--preset--spacing--100);margin-bottom:var(--wp--preset--spacing--100)">
<h1 class="wp-block-heading has-text-align-center">Aviso legal y aviso de Copyright</h1>



<h2 class="wp-block-heading has-heading-3-font-size">Descargo de responsabilidad</h2>



<p>La información y los enlaces contenidos en este sitio de web son para propósitos informativos generales. No es asesoramiento legal. Uso de este sitio web no significa que ha contratado a Adler Giersch como su abogado y no crea una relación de abogado-cliente con nosotros. Si necesita consultar con un abogado, por favor contáctenos para programar una cita.</p>



<p>Adler Giersch se compromete a respetar su derecho a la privacidad y lo protegerá cuando visite nuestro sitio web. No divulgaremos, venderemos ni compartiremos su información con ninguna persona externa, empresa o entidad gubernamental.&nbsp; Transmisión de información a Adler Giersch a través de este sitio de web es confidencial. Transferencia de cualquier información a través de este sitio de web no crea una relación de abogado-cliente con nosotros y no pretende hacerlo.</p>



<p>Los usuarios de este sitio de web no deben tomar acciones o confiar en la información contenida en este sitio de web sin buscar asesoría legal independiente y asesoramiento para sus necesidades y problemas específicos.</p>



<p>Enlaces a otros sitios facilitados en este sitio de web son para información general y únicamente como recurso. Adler Giersch no es responsable por el contenido de sitios de web enlazados. Ni Adler Giersch, ni cualquier otro individuo relacionado, controla o apruebe del contenido del tercero-individuo sitio de web. No pretendemos que enlaces en nuestro sitio web sean referencias.</p>



<h2 class="wp-block-heading has-heading-3-font-size">Aviso de copyright</h2>



<p>Todo texto y gráficos de categoría copyright, la selección, arreglo y presentación de todos los materiales (incluyendo información del dominio público) y el diseño general de esta página de web son © 2017 Adler Giersch PS. Todos los derechos reservados. Se concede permiso para descargar y imprimir material de este sitio de web con el fin de ver, leer y conservar para referencia. Cualquier otra copia, distribución, retransmisión o modificación de información o materiales en este sitio, ya sea electrónicamente o forma de copia dura, está estrictamente prohibido a menos que haya obtenido previa autorización escrita de Adler Giersch.</p>
</div>

<p>Aviso legal y aviso de Copyright Descargo de responsabilidad La información y los enlaces contenidos en este sitio de web son para propósitos informativos generales. No es asesoramiento legal. Uso de este sitio web no significa que ha contratado a Adler Giersch como su abogado y no crea una relación de abogado-cliente con nosotros. Si [&hellip;]</p>
